 common divisor of 100 and n.
20
Suppose 327 = 2*i - 157. Let a(c) = c**3 - 13*c**2 - 29*c + 7. Let v be a(15). What is the greatest common divisor of v and i?
22
Let i be 2461 - (6 + 54/(-6)). Calculate the greatest common divisor of i and 77.
77
Let g be (182/(-65))/(6/10 + -1). What is the greatest common factor of g and 77?
7
Let q(o) = 201*o - 5. Let l be q(1). Suppose -d + 2*d - 28 = 0. Calculate the greatest common factor of d and l.
28
Let x be 1/((-1)/(-2)) + -24. Let q(z) = -22*z**3 - 4*z**2 + 7*z + 2. Let u be q(-4). Let y be u/11 + (-4)/x. What is the greatest common factor of 15 and y?
15
Let q be -122 - ((-8)/(-16) - 3/(-2)). Let j be (-38)/95 - q/10. What is the greatest common factor of j and 168?
12
Let d(o) = -37*o + 18. Let h be d(-6). Suppose -j = -3*j + h. What is the greatest common divisor of j and 20?
20
Let q = 302 - 240. What is the highest common factor of q and 6?
2
Let l = 21 - 16. Suppose l*n - 5 = c, -11 = -5*n - 2*c + 9. Suppose -3 = n*t - 11. What is the highest common factor of t and 2?
2
Let j be (-2465)/(-34)*(-6)/(-5). What is the highest common divisor of j and 1131?
87
Let a = 47 - -9. Suppose 2*d = d + a. What is the highest common factor of 7 and d?
7
Suppose -4*x - 4*n = -1252, -2*n + 7*n = 2*x - 640. Calculate the greatest common factor of x and 105.
105
Let x = 138 - 135. Suppose -85 = -x*r + 4*w, 5*r - 4*w - 110 = 37. Let n = -165 + 289. Calculate the highest common divisor of r and n.
31
Suppose 4*i + 13 = o + i, 2*o - 20 = 4*i. Suppose o*v = -2*q + 58, 0*q + 3*q - 39 = -2*v. What is the highest common divisor of 24 and v?
12
Let o be (-9)/(-6) + -10*1143/(-36). What is the greatest common divisor of 58 and o?
29
Let j be (-4)/7 + ((-666)/(-14) - 5). What is the greatest common divisor of j and 112?
14
Let g be (0 + -2)*10/4. Let s(b) = -b**3 - 5*b**2 + 1. Let r be s(g). Let o = -58 + 59. Calculate the greatest common divisor of o and r.
1
Suppose 66 = 2*y - 114. Let v be 46*2/(-4)*-1. Suppose 222 + 8 = v*w. What is the highest common divisor of y and w?
10
Suppose -n = -24 + 7. Suppose -13*o - 1088 = -29*o. Calculate the greatest common divisor of o and n.
17
Suppose w + 2*w = 4*r - 4, -4*r = 5*w - 36. Suppose r*n + 4*f - 173 = f, -n = f - 43. What is the highest common factor of 4 and n?
4
Let n be (1*-71 - (-7 + 6))/(-1). Let u(g) = 2*g**3 - 3*g**2 + 1. Let f be u(2). Suppose f*b = b + 56. What is the highest common factor of b and n?
14
Let v = 293 + -74. What is the highest common divisor of 3 and v?
3
Let j(b) be the second derivative of -27*b**5/20 + b**4/12 - b**3/6 - b**2 + 27*b. Let u be j(-1). What is the greatest common divisor of 189 and u?
27
Suppose 3*a = 1 + 11. Suppose a*c - 6*c = 30. Let i be (-3)/(c/(-18) + -1). Calculate the greatest common divisor of 54 and i.
18
Let s = -633 - -949. Calculate the greatest common factor of 8 and s.
4
Let f be (-6 + 8 + -2)*(-1)/2. Let r be (-189)/(-3) + (-3 - f). Suppose 3*u - 67 = 5. What is the greatest common divisor of r and u?
12
Suppose -8*u + 264 = 14*u. Calculate the greatest common factor of u and 84.
12
Let q = 1191 + -1070. What is the greatest common divisor of q and 143?
11
Let c = 2689 - -140. Calculate the highest common factor of c and 69.
69
Let k(p) = 30 + 3*p - 2*p - 3*p + 12. Let m be k(0). Suppose 5*n - 2*n - 84 = 0. Calculate the greatest common divisor of n and m.
14
Let o = 78 + -76. Calculate the greatest common divisor of o and 32.
2
Let a be 21*((-10)/(-6) - 2). Let g = 115 + a. Suppose -14 - 27 = -3*w + z, z + 17 = w. Calculate the highest common factor of w and g.
12
Suppose -39*b + 42*b = 273. Let y = -65 + b. What is the highest common factor of y and 2?
2
Suppose 0 = 3*o - 7*o + 200. Calculate the highest common factor of 430 and o.
10
Suppose 3*q + q = 16. Suppose -25 = q*u - 177. Calculate the greatest common divisor of 95 and u.
19
Let n(i) = 6*i - 11. Let r(f) = f + 11. Let c be r(-8). Let v be n(c). Calculate the highest common divisor of v and 77.
7
Let h(b) = -b**3 + 9*b**2 - 14*b - 7. Let f be h(6). Let o = -18 - -35. What is the greatest common factor of o and f?
17
Let d = 27 + 25. Suppose -b - d = -3*b. What is the highest common divisor of b and 52?
26
Let c = -99 + 143. Let r(v) = -2*v**3 - 3*v**2 + 4*v + 7. Let x be r(-3). What is the greatest common factor of c and x?
22
Suppose -4*m + 0*j + 65 = 5*j, -5*m + 3*j + 109 = 0. Let v be 4 - (-5)/m*0. Let f = 21 - 5. Calculate the greatest common divisor of f and v.
4
Let t(s) = -s**3 + 4*s**2 + 2*s - 7. Let z be t(4). Let j be (0 + -3 - z) + -215. Let y be (-9)/21 - j/21. Calculate the highest common divisor of 15 and y.
5
Suppose -3*z = z - 12. Suppose -k = -2*s + z*s - 90, 5*k - 186 = -2*s. Let l(d) = d + 5. Let t be l(6). What is the greatest common factor of s and t?
11
Let o(x) = x**3 + 13*x**2 + 25*x - 2. Let s be o(-10). What is the highest common divisor of 72 and s?
24
Let u(b) = b**3 + 19*b**2 + 19*b - 24. Let a = 21 - -37. Suppose 3*i + a - 7 = 0. Let w be u(i). What is the greatest common factor of 21 and w?
21
Suppose -104*y = -5*u - 102*y + 3756, -3*y + 2241 = 3*u. What is the highest common divisor of u and 6?
6
Let t = 227 + -151. Calculate the greatest common divisor of 342 and t.
38
Suppose 97*c - 5049 = 86*c. Calculate the greatest common divisor of 51 and c.
51
Let k(o) = o**2 - 6*o + 10. Let d be k(5). Calculate the highest common divisor of 15 and d.
5
Let d(m) = m**2 + 24*m + 80. Let i be d(-21). Suppose -291 = -2*o + 3*h, -4*h + 326 + 153 = 3*o. What is the highest common divisor of o and i?
17
Let x = 25 - 8. Suppose 21*z = x*z + 152. Calculate the greatest common divisor of z and 114.
38
Let t = 202 + -122. What is the highest common divisor of 70 and t?
10
Let z(b) = 6*b**2 - b. Let v be z(-1). Suppose -t + 103*t - 714 = 0. Calculate the greatest common divisor of t and v.
7
Suppose 0 = -18*s + 2717 + 685. What is the highest common factor of 126 and s?
63
Let c(i) = 6*i + 194. Let v be c(24). Calculate the highest common divisor of 78 and v.
26
Suppose 4*u = -3*d + 29, -u = -0*u - 3*d - 11. Calculate the highest common divisor of u and 3.
1
Let w(z) = z**2 - 25*z + 71. Let y be w(23). Let a = 6 + 19. Suppose a = 6*x - x. What is the highest common divisor of y and x?
5
Let q = 10 - -9. Let w(x) = 18*x - 84. Let g be w(11). What is the greatest common divisor of q and g?
19
Suppose 7*l - 456 = 440. What is the greatest common divisor of 96 and l?
32
Suppose -g + 4*q - 400 = -5*g, -2*g + 200 = q. Calculate the highest common factor of g and 80.
20
Let a(o) = 13*o - 6*o + 1 - 4. Let b be a(3). What is the highest common factor of b and 162?
18
Let s = 0 + 0. Suppose -5*c + 10*c - 60 = s. Suppose -963*h - 965*h = -1925*h - 144. What is the highest common factor of c and h?
12
Let p = -5 + 17. Let s be 339/p + (-2)/8. Calculate the highest common divisor of 14 and s.
14
Suppose 422 = -5*w + 452. Suppose z + 2*z = 12. Suppose -5 = z*a - 13. What is the highest common factor of a and w?
2
Suppose -z - 2*j + 15 = 7, -4*j = 5*z - 34. Calculate the highest common divisor of 5 and z.
1
Let y(h) = 2*h + 8. Let c be y(-6). Let o be c*(3 - (-1500)/(-8)). Let i be o/27 + 2/3. Calculate the greatest common divisor of i and 7.
7
Suppose -2*h + 5*d - 2*d = -27, -2*d = -3*h + 28. Let u = h - 2. Suppose u - 334 = -3*p. Calculate the greatest common divisor of 10 and p.
10
Suppose 3400 = 3*h + 5*x, 10*h - 5650 = 5*h - 5*x. Calculate the highest common divisor of h and 45.
45
Let a(m) = 7*m - 12. Let z be a(8). Let h(n) = 9*n**2 + 3*n - 1. Let w be h(1). What is the highest common divisor of w and z?
11
Let c(j) = -j**3 - 5*j**2 + 7*j + 3. Let s be c(-5). Let f = s + 64. Calculate the greatest common factor of 4 and f.
4
Suppose 2*u = 3*r - 96 - 2112, -2*r + 2*u + 1472 = 0. Calculate the highest common factor of r and 32.
32
Let t be 8/(-84) + 3798/189. What is the highest common divisor of t and 820?
20
Let i(f) = -3*f + 10. Let x be i(6). Let s be 2*(3 - 2*20/x). What is the highest common factor of s and 40?
8
Let y(g) = g + 8. Let f be y(-8). Suppose f = 2*q - 5*q - 36. Let v(s) = s**2 + 12*s + 2. Let i be v(q). What is the highest common divisor of i and 3?
1
Suppose 9*i = -12 + 507. Let u be (-1)/(-2) + 27/6. What is the greatest common